{"id":331,"date":"2026-03-02T16:28:20","date_gmt":"2026-03-02T16:28:20","guid":{"rendered":"https:\/\/presencejuridique.com\/avocatdemo1\/?page_id=331"},"modified":"2026-03-02T17:22:56","modified_gmt":"2026-03-02T17:22:56","slug":"a-propos","status":"publish","type":"page","link":"https:\/\/presencejuridique.com\/avocatdemo1\/a-propos\/","title":{"rendered":"\u00c0 propos"},"content":{"rendered":"\t\t<div data-elementor-type=\"wp-page\" data-elementor-id=\"331\" class=\"elementor elementor-331\" data-elementor-post-type=\"page\">\n\t\t\t\t\t\t<section class=\"elementor-section elementor-top-section elementor-element elementor-element-21f690a elementor-section-boxed elementor-section-height-default elementor-section-height-default\" data-id=\"21f690a\" data-element_type=\"section\" data-e-type=\"section\" data-settings=\"{&quot;background_background&quot;:&quot;classic&quot;}\">\n\t\t\t\t\t\t\t<div class=\"elementor-background-overlay\"><\/div>\n\t\t\t\t\t\t\t<div class=\"elementor-container elementor-column-gap-default\">\n\t\t\t\t\t<div class=\"elementor-column elementor-col-50 elementor-top-column elementor-element elementor-element-75bba0a\" data-id=\"75bba0a\" data-element_type=\"column\" data-e-type=\"column\">\n\t\t\t<div class=\"elementor-widget-wrap elementor-element-populated\">\n\t\t\t\t\t\t<div class=\"elementor-element elementor-element-d783ad5 elementor-widget-divider--view-line elementor-invisible elementor-widget elementor-widget-divider\" data-id=\"d783ad5\" data-element_type=\"widget\" data-e-type=\"widget\" data-settings=\"{&quot;_animation&quot;:&quot;fadeInRight&quot;}\" data-widget_type=\"divider.default\">\n\t\t\t\t\t\t\t<div class=\"elementor-divider\">\n\t\t\t<span class=\"elementor-divider-separator\">\n\t\t\t\t\t\t<\/span>\n\t\t<\/div>\n\t\t\t\t\t\t<\/div>\n\t\t\t\t\t<\/div>\n\t\t<\/div>\n\t\t\t\t<div class=\"elementor-column elementor-col-50 elementor-top-column elementor-element elementor-element-3e243b3\" data-id=\"3e243b3\" data-element_type=\"column\" data-e-type=\"column\">\n\t\t\t<div class=\"elementor-widget-wrap elementor-element-populated\">\n\t\t\t\t\t\t<div class=\"elementor-element elementor-element-501ba5d elementor-icon-list--layout-inline elementor-widget__width-auto elementor-mobile-align-center elementor-list-item-link-full_width elementor-invisible elementor-widget elementor-widget-icon-list\" data-id=\"501ba5d\" data-element_type=\"widget\" data-e-type=\"widget\" data-settings=\"{&quot;_animation&quot;:&quot;fadeInUp&quot;}\" data-widget_type=\"icon-list.default\">\n\t\t\t\t\t\t\t<ul class=\"elementor-icon-list-items elementor-inline-items\">\n\t\t\t\t\t\t\t<li class=\"elementor-icon-list-item elementor-inline-item\">\n\t\t\t\t\t\t\t\t\t\t\t<a href=\"https:\/\/presencejuridique.com\/avocatdemo1\/\">\n\n\t\t\t\t\t\t\t\t\t\t\t<span class=\"elementor-icon-list-text\">Accueil<\/span>\n\t\t\t\t\t\t\t\t\t\t\t<\/a>\n\t\t\t\t\t\t\t\t\t<\/li>\n\t\t\t\t\t\t\t\t<li class=\"elementor-icon-list-item elementor-inline-item\">\n\t\t\t\t\t\t\t\t\t\t\t<span class=\"elementor-icon-list-icon\">\n\t\t\t\t\t\t\t<svg aria-hidden=\"true\" class=\"e-font-icon-svg e-far-caret-square-right\" viewBox=\"0 0 448 512\" xmlns=\"http:\/\/www.w3.org\/2000\/svg\"><path d=\"M176 354.9V157.1c0-10.7 13-16.1 20.5-8.5l98.3 98.9c4.7 4.7 4.7 12.2 0 16.9l-98.3 98.9c-7.5 7.7-20.5 2.3-20.5-8.4zM448 80v352c0 26.5-21.5 48-48 48H48c-26.5 0-48-21.5-48-48V80c0-26.5 21.5-48 48-48h352c26.5 0 48 21.5 48 48zm-48 346V86c0-3.3-2.7-6-6-6H54c-3.3 0-6 2.7-6 6v340c0 3.3 2.7 6 6 6h340c3.3 0 6-2.7 6-6z\"><\/path><\/svg>\t\t\t\t\t\t<\/span>\n\t\t\t\t\t\t\t\t\t\t<span class=\"elementor-icon-list-text\"><\/span>\n\t\t\t\t\t\t\t\t\t<\/li>\n\t\t\t\t\t\t<\/ul>\n\t\t\t\t\t\t<\/div>\n\t\t\t\t\t<\/div>\n\t\t<\/div>\n\t\t\t\t\t<\/div>\n\t\t<\/section>\n\t\t<div class=\"elementor-element elementor-element-a49129a e-flex e-con-boxed e-con e-parent\" data-id=\"a49129a\" data-element_type=\"container\" data-e-type=\"container\" data-settings=\"{&quot;background_background&quot;:&quot;classic&quot;}\">\n\t\t\t\t\t<div class=\"e-con-inner\">\n\t\t<div class=\"elementor-element elementor-element-6557389 e-con-full e-flex e-con e-child\" data-id=\"6557389\" data-element_type=\"container\" data-e-type=\"container\">\n\t\t\t\t<div class=\"elementor-element elementor-element-125650e elementor-widget elementor-widget-image\" data-id=\"125650e\" data-element_type=\"widget\" data-e-type=\"widget\" data-widget_type=\"image.default\">\n\t\t\t\t\t\t\t\t\t\t\t\t\t\t\t<img fetchpriority=\"high\" decoding=\"async\" width=\"1280\" height=\"854\" src=\"https:\/\/presencejuridique.com\/avocatdemo1\/wp-content\/uploads\/2026\/02\/hero-3.jpg\" class=\"attachment-full size-full wp-image-217\" alt=\"\" srcset=\"https:\/\/presencejuridique.com\/avocatdemo1\/wp-content\/uploads\/2026\/02\/hero-3.jpg 1280w, https:\/\/presencejuridique.com\/avocatdemo1\/wp-content\/uploads\/2026\/02\/hero-3-300x200.jpg 300w, https:\/\/presencejuridique.com\/avocatdemo1\/wp-content\/uploads\/2026\/02\/hero-3-1024x683.jpg 1024w, https:\/\/presencejuridique.com\/avocatdemo1\/wp-content\/uploads\/2026\/02\/hero-3-768x512.jpg 768w\" sizes=\"(max-width: 1280px) 100vw, 1280px\" \/>\t\t\t\t\t\t\t\t\t\t\t\t\t\t\t<\/div>\n\t\t\t\t<\/div>\n\t\t<div class=\"elementor-element elementor-element-217c765 e-con-full e-flex e-con e-child\" data-id=\"217c765\" data-element_type=\"container\" data-e-type=\"container\">\n\t\t\t\t<div class=\"elementor-element elementor-element-40374f3 elementor-invisible elementor-widget elementor-widget-heading\" data-id=\"40374f3\" data-element_type=\"widget\" data-e-type=\"widget\" data-settings=\"{&quot;_animation&quot;:&quot;fadeInUp&quot;}\" data-widget_type=\"heading.default\">\n\t\t\t\t\t<h2 class=\"elementor-heading-title elementor-size-default\">Une pratique d\u00e9di\u00e9e au droit des affaires<\/h2>\t\t\t\t<\/div>\n\t\t\t\t<div class=\"elementor-element elementor-element-93adb01 elementor-widget elementor-widget-text-editor\" data-id=\"93adb01\" data-element_type=\"widget\" data-e-type=\"widget\" data-widget_type=\"text-editor.default\">\n\t\t\t\t\t\t\t\t\t<p data-start=\"2035\" data-end=\"2207\">Inscrit au Barreau de Paris, j\u2019exerce exclusivement en droit des affaires aupr\u00e8s d\u2019entreprises, dirigeants et investisseurs confront\u00e9s \u00e0 des enjeux juridiques structurants.<br \/><br \/><\/p><p data-start=\"2209\" data-end=\"2373\">J\u2019ai fait le choix d\u2019une pratique volontairement sp\u00e9cialis\u00e9e afin d\u2019offrir une expertise coh\u00e9rente et approfondie, adapt\u00e9e aux r\u00e9alit\u00e9s \u00e9conomiques des entreprises.<br \/><br \/><\/p><p data-start=\"2375\" data-end=\"2579\">Le droit constitue, selon moi, un outil strat\u00e9gique au service de la d\u00e9cision. Mon intervention vise \u00e0 s\u00e9curiser les op\u00e9rations, anticiper les risques et pr\u00e9server durablement les int\u00e9r\u00eats de mes clients.<br \/><br \/><\/p><p data-start=\"2581\" data-end=\"2719\">Lorsque le conflit survient, une analyse rigoureuse permet d\u2019identifier la solution la plus adapt\u00e9e, qu\u2019elle soit amiable ou contentieuse.<br \/><br \/><\/p><p data-start=\"2721\" data-end=\"2831\">La relation de confiance et la confidentialit\u00e9 des \u00e9changes demeurent au c\u0153ur de mon engagement professionnel.<\/p>\t\t\t\t\t\t\t\t<\/div>\n\t\t\t\t<div class=\"elementor-element elementor-element-9b1f390 elementor-widget__width-auto elementor-mobile-align-justify elementor-widget-mobile__width-inherit elementor-widget elementor-widget-button\" data-id=\"9b1f390\" data-element_type=\"widget\" data-e-type=\"widget\" data-widget_type=\"button.default\">\n\t\t\t\t\t\t\t\t\t\t<a class=\"elementor-button elementor-button-link elementor-size-md\" href=\"https:\/\/presencejuridique.com\/avocatdemo1\/contacts\/\">\n\t\t\t\t\t\t<span class=\"elementor-button-content-wrapper\">\n\t\t\t\t\t\t\t\t\t<span class=\"elementor-button-text\">Me contacter <\/span>\n\t\t\t\t\t<\/span>\n\t\t\t\t\t<\/a>\n\t\t\t\t\t\t\t\t<\/div>\n\t\t\t\t<\/div>\n\t\t\t\t\t<\/div>\n\t\t\t\t<\/div>\n\t\t\t\t<\/div>\n\t\t","protected":false},"excerpt":{"rendered":"<p>Accueil Une pratique d\u00e9di\u00e9e au droit des affaires Inscrit au Barreau de Paris, j\u2019exerce exclusivement en droit des affaires aupr\u00e8s d\u2019entreprises, dirigeants et investisseurs confront\u00e9s \u00e0 des enjeux juridiques structurants. J\u2019ai fait le choix d\u2019une pratique volontairement sp\u00e9cialis\u00e9e afin d\u2019offrir une expertise coh\u00e9rente et approfondie, adapt\u00e9e aux r\u00e9alit\u00e9s \u00e9conomiques des entreprises. Le droit constitue, selon [&hellip;]<\/p>\n","protected":false},"author":1,"featured_media":0,"parent":0,"menu_order":0,"comment_status":"closed","ping_status":"closed","template":"","meta":{"footnotes":""},"class_list":["post-331","page","type-page","status-publish","hentry"],"_links":{"self":[{"href":"https:\/\/presencejuridique.com\/avocatdemo1\/wp-json\/wp\/v2\/pages\/331","targetHints":{"allow":["GET"]}}],"collection":[{"href":"https:\/\/presencejuridique.com\/avocatdemo1\/wp-json\/wp\/v2\/pages"}],"about":[{"href":"https:\/\/presencejuridique.com\/avocatdemo1\/wp-json\/wp\/v2\/types\/page"}],"author":[{"embeddable":true,"href":"https:\/\/presencejuridique.com\/avocatdemo1\/wp-json\/wp\/v2\/users\/1"}],"replies":[{"embeddable":true,"href":"https:\/\/presencejuridique.com\/avocatdemo1\/wp-json\/wp\/v2\/comments?post=331"}],"version-history":[{"count":10,"href":"https:\/\/presencejuridique.com\/avocatdemo1\/wp-json\/wp\/v2\/pages\/331\/revisions"}],"predecessor-version":[{"id":406,"href":"https:\/\/presencejuridique.com\/avocatdemo1\/wp-json\/wp\/v2\/pages\/331\/revisions\/406"}],"wp:attachment":[{"href":"https:\/\/presencejuridique.com\/avocatdemo1\/wp-json\/wp\/v2\/media?parent=331"}],"curies":[{"name":"wp","href":"https:\/\/api.w.org\/{rel}","templated":true}]}}